{"id":231,"date":"2017-05-02T15:26:44","date_gmt":"2017-05-02T13:26:44","guid":{"rendered":"http:\/\/www.isko-france.asso.fr\/colloque2017\/?page_id=231"},"modified":"2017-05-29T15:58:40","modified_gmt":"2017-05-29T13:58:40","slug":"viviane-couzinet","status":"publish","type":"page","link":"http:\/\/www.isko-france.asso.fr\/colloque2017\/fr\/viviane-couzinet\/","title":{"rendered":"Viviane Couzinet"},"content":{"rendered":"<p style=\"text-align: justify;\"><img loading=\"lazy\" class=\"alignnone size-medium wp-image-307\" src=\"http:\/\/www.isko-france.asso.fr\/colloque2017\/wp-content\/uploads\/2017\/05\/Viviane-resized-300x225.jpg\" alt=\"\" width=\"300\" height=\"225\" srcset=\"http:\/\/www.isko-france.asso.fr\/colloque2017\/wp-content\/uploads\/2017\/05\/Viviane-resized-300x225.jpg 300w, http:\/\/www.isko-france.asso.fr\/colloque2017\/wp-content\/uploads\/2017\/05\/Viviane-resized-768x576.jpg 768w, http:\/\/www.isko-france.asso.fr\/colloque2017\/wp-content\/uploads\/2017\/05\/Viviane-resized.jpg 800w\" sizes=\"(max-width: 300px) 100vw, 300px\" \/><\/p>\n<h5 style=\"text-align: justify;\"><strong>Construction des sciences de l\u2019information et de la communication fran\u00e7aises\u00a0: r\u00f4le de Jean Meyriat <\/strong><\/h5>\n<p style=\"text-align: justify;\"><strong>R\u00e9sum\u00e9 :<br \/>\n<\/strong><\/p>\n<p style=\"text-align: justify;\">Dans les ann\u00e9es 1970, en France, un groupe d\u2019universitaires s\u2019est attel\u00e9 \u00e0 la cr\u00e9ation d\u2019une discipline nouvelle intitul\u00e9e sciences de l\u2019information et de la communication. Au sein de ce groupe Jean Meyriat, directeur des services de documentation \u00e0 la Fondation nationale des sciences politiques et\u00a0 directeur d\u2019\u00e9tudes\u00a0 \u00e0 l\u2019Ecole pratique des hautes \u00e9tudes a jou\u00e9 un r\u00f4le majeur. Les rencontres d\u00e9cisives, les actions\u00a0 qu\u2019il a men\u00e9es au plan institutionnel ont permis l\u2019\u00e9mergence d\u2019une section \u00e0 part enti\u00e8re dans l\u2019universit\u00e9. Il a contribu\u00e9 \u00e0 la positionner en d\u00e9veloppant des recherches visant \u00e0 lui donner une assise scientifique et \u00e0 assurer sa place parmi les autres disciplines. Parall\u00e8lement il a particip\u00e9\u00a0 \u00e0 la d\u00e9finition de formations acad\u00e9miques nouvelles qui requerrait le recrutement d\u2019enseignants chercheurs de la sp\u00e9cialit\u00e9. Ainsi formation et recherche ce sont consolid\u00e9es l\u2019une l\u2019autre.<\/p>\n<p style=\"text-align: justify;\">Il s\u2019agit ici de comprendre comment l\u2019alliance entre information et communication, qui n\u2019avait pas d\u2019\u00e9quivalent \u00e0 l\u2019\u00e9chelle internationale, a \u00e9t\u00e9 rendue possible et comment jean Meyriat s\u2019est impliqu\u00e9 dans sa construction pour en assurer la p\u00e9rennit\u00e9 depuis 1975.<\/p>\n<p style=\"text-align: justify;\"><strong>Biographie<\/strong><\/p>\n<p style=\"text-align: justify;\">Viviane Couzinet est professeur en sciences de l\u2019information et de la communication \u00e0 l\u2019Universit\u00e9 de Toulouse III- Paul Sabatier. Elle a dirig\u00e9 pendant neuf ans le Laboratoire d\u2019\u00e9tudes et de recherches appliqu\u00e9es en sciences sociales (LERASS) et a anim\u00e9 l\u2019\u00e9quipe\u00a0 M\u00e9diations en information-communication sp\u00e9cialis\u00e9e (MICS) de 1997 \u00e0 2016. Ses recherches portent sur la m\u00e9diation scientifique, en particulier entre praticiens de l\u2019information et chercheurs, sur l\u2019organisation des connaissances, le concept de document et la m\u00e9diation documentaire.<\/p>\n<p>&nbsp;<\/p>\n","protected":false},"excerpt":{"rendered":"<p>Construction des sciences de l\u2019information et de la communication fran\u00e7aises\u00a0: r\u00f4le de Jean Meyriat R\u00e9sum\u00e9 : Dans les ann\u00e9es 1970, en France, un groupe d\u2019universitaires s\u2019est attel\u00e9 \u00e0 la cr\u00e9ation d\u2019une discipline nouvelle intitul\u00e9e sciences de l\u2019information et de la communication. Au sein de ce groupe Jean Meyriat, directeur des services de documentation \u00e0 la &hellip; <a href=\"http:\/\/www.isko-france.asso.fr\/colloque2017\/fr\/viviane-couzinet\/\" class=\"more-link\">Continuer la lecture de <span class=\"screen-reader-text\">Viviane Couzinet<\/span><\/a><\/p>\n","protected":false},"author":1,"featured_media":0,"parent":0,"menu_order":0,"comment_status":"closed","ping_status":"closed","template":"","meta":{"ngg_post_thumbnail":0},"_links":{"self":[{"href":"http:\/\/www.isko-france.asso.fr\/colloque2017\/wp-json\/wp\/v2\/pages\/231"}],"collection":[{"href":"http:\/\/www.isko-france.asso.fr\/colloque2017\/wp-json\/wp\/v2\/pages"}],"about":[{"href":"http:\/\/www.isko-france.asso.fr\/colloque2017\/wp-json\/wp\/v2\/types\/page"}],"author":[{"embeddable":true,"href":"http:\/\/www.isko-france.asso.fr\/colloque2017\/wp-json\/wp\/v2\/users\/1"}],"replies":[{"embeddable":true,"href":"http:\/\/www.isko-france.asso.fr\/colloque2017\/wp-json\/wp\/v2\/comments?post=231"}],"version-history":[{"count":5,"href":"http:\/\/www.isko-france.asso.fr\/colloque2017\/wp-json\/wp\/v2\/pages\/231\/revisions"}],"predecessor-version":[{"id":422,"href":"http:\/\/www.isko-france.asso.fr\/colloque2017\/wp-json\/wp\/v2\/pages\/231\/revisions\/422"}],"wp:attachment":[{"href":"http:\/\/www.isko-france.asso.fr\/colloque2017\/wp-json\/wp\/v2\/media?parent=231"}],"curies":[{"name":"wp","href":"https:\/\/api.w.org\/{rel}","templated":true}]}}