{"id":333,"date":"2017-05-08T16:45:08","date_gmt":"2017-05-08T14:45:08","guid":{"rendered":"http:\/\/www.isko-france.asso.fr\/colloque2017\/?page_id=333"},"modified":"2017-05-31T12:19:29","modified_gmt":"2017-05-31T10:19:29","slug":"jose-augusto-chaves-guimaraes","status":"publish","type":"page","link":"http:\/\/www.isko-france.asso.fr\/colloque2017\/en\/jose-augusto-chaves-guimaraes\/","title":{"rendered":"Jos\u00e9 Augusto Chaves Guimar\u00e3es"},"content":{"rendered":"<p style=\"text-align: justify;\"><img loading=\"lazy\" class=\"alignnone wp-image-334\" src=\"http:\/\/www.isko-france.asso.fr\/colloque2017\/wp-content\/uploads\/2017\/05\/JACG6-222x300.jpg\" alt=\"\" width=\"135\" height=\"182\" srcset=\"http:\/\/www.isko-france.asso.fr\/colloque2017\/wp-content\/uploads\/2017\/05\/JACG6-222x300.jpg 222w, http:\/\/www.isko-france.asso.fr\/colloque2017\/wp-content\/uploads\/2017\/05\/JACG6-768x1037.jpg 768w, http:\/\/www.isko-france.asso.fr\/colloque2017\/wp-content\/uploads\/2017\/05\/JACG6-758x1024.jpg 758w, http:\/\/www.isko-france.asso.fr\/colloque2017\/wp-content\/uploads\/2017\/05\/JACG6.jpg 1257w\" sizes=\"(max-width: 135px) 100vw, 135px\" \/><\/p>\n<h5 style=\"text-align: justify;\"><strong><em>Jean-Claude Gardin and the search for interdisciplinary methodologies and reliable tools for the knowledge organization practices: \u201canalyse documentaire\u201d and \u201clanguage documentaire\u201d<\/em><\/strong><\/h5>\n<p style=\"text-align: justify;\"><strong>Abstract: <\/strong>Paul Otlet&rsquo;s concept of Documentation was a special contribution to the conception of traditional library organization practices in a more scientific approach, as well as a first step to the further development of Information Science. This contribution also embedded a major concern related to the development of techniques and methodologies for the documentary circle in relation to the promotion of the widest access to information as possible. In this sense, the field of knowledge organization assumes a vital mediating nature between the contexts of production and use of the socialized knowledge. Considering these aspects, this paper discusses the fundamental role of Jean-Claude Gardin in the epistemological dimension of knowledge organization and the development of an interdisciplinary methodology, based on logical and linguistic patterns &#8211; the \u201canalyse documentaire\u201d \u2013, and the search of reliable tools that could build solid bridges between the document, the documentary system, and the user: the \u201clanguages documentaires\u201d.<\/p>\n<p style=\"text-align: justify;\"><strong>Biography<\/strong><\/p>\n<p style=\"text-align: justify;\">Jos\u00e9 Augusto Chaves Guimar\u00e3es, is professor at the Department of Information Science at S\u00e3o Paulo State University &#8211; UNESP. His research areas are: ethics of knowledge organization, epistemology of knowledge organization, diplomacy, law documentation, content analysis, and subject analysis. He is the founder and the current president of the Brazilian ISKO Chapter as well as a former member of the Executive Board of ISKO. He is a researcher of the Brazilian National Council on Science and Technology and a former president of the Brazilian Association of Library Schools and the Ibero-American Association of Library Schools. He is now leading research projects on the ethics of knowledge organization, Court cases\u2019 abstracting and on the Theoretical dimension of domain analysis (Sponsored by S\u00e3o Paulo State Research Foundation \u2013 FAPESP and by the Brazilian Federal Council on Science and Technological Development \u2013 CNPq) and has previously carried out research projects on indexing theory, the ethical and legal use of digital information, copyright issues in digital libraries (in partnership with Professor Juan Carlos Fernandez-Molina &#8211; University of Granada \u2013 and sponsored by the Spanish Ministry of Education), and epistemology of knowledge organization. He is a member of the scientific board of many international journals as well as is a peer review of international Research Funding Agencies. He acted as invited professor at Universit\u00e9 de Lille in 2016.<\/p>\n","protected":false},"excerpt":{"rendered":"<p>Jean-Claude Gardin and the search for interdisciplinary methodologies and reliable tools for the knowledge organization practices: \u201canalyse documentaire\u201d and \u201clanguage documentaire\u201d Abstract: Paul Otlet&rsquo;s concept of Documentation was a special contribution to the conception of traditional library organization practices in a more scientific approach, as well as a first step to the further development of &hellip; <a href=\"http:\/\/www.isko-france.asso.fr\/colloque2017\/en\/jose-augusto-chaves-guimaraes\/\" class=\"more-link\">Continuer la lecture de <span class=\"screen-reader-text\">Jos\u00e9 Augusto Chaves Guimar\u00e3es<\/span><\/a><\/p>\n","protected":false},"author":1,"featured_media":0,"parent":0,"menu_order":0,"comment_status":"closed","ping_status":"closed","template":"","meta":{"ngg_post_thumbnail":0},"_links":{"self":[{"href":"http:\/\/www.isko-france.asso.fr\/colloque2017\/wp-json\/wp\/v2\/pages\/333"}],"collection":[{"href":"http:\/\/www.isko-france.asso.fr\/colloque2017\/wp-json\/wp\/v2\/pages"}],"about":[{"href":"http:\/\/www.isko-france.asso.fr\/colloque2017\/wp-json\/wp\/v2\/types\/page"}],"author":[{"embeddable":true,"href":"http:\/\/www.isko-france.asso.fr\/colloque2017\/wp-json\/wp\/v2\/users\/1"}],"replies":[{"embeddable":true,"href":"http:\/\/www.isko-france.asso.fr\/colloque2017\/wp-json\/wp\/v2\/comments?post=333"}],"version-history":[{"count":4,"href":"http:\/\/www.isko-france.asso.fr\/colloque2017\/wp-json\/wp\/v2\/pages\/333\/revisions"}],"predecessor-version":[{"id":430,"href":"http:\/\/www.isko-france.asso.fr\/colloque2017\/wp-json\/wp\/v2\/pages\/333\/revisions\/430"}],"wp:attachment":[{"href":"http:\/\/www.isko-france.asso.fr\/colloque2017\/wp-json\/wp\/v2\/media?parent=333"}],"curies":[{"name":"wp","href":"https:\/\/api.w.org\/{rel}","templated":true}]}}