{"id":407,"date":"2017-05-29T15:47:08","date_gmt":"2017-05-29T13:47:08","guid":{"rendered":"http:\/\/www.isko-france.asso.fr\/colloque2017\/?page_id=407"},"modified":"2017-06-06T11:27:27","modified_gmt":"2017-06-06T09:27:27","slug":"barbara-sosinska-kalata","status":"publish","type":"page","link":"http:\/\/www.isko-france.asso.fr\/colloque2017\/en\/barbara-sosinska-kalata\/","title":{"rendered":"Barbara Sosinska-Kalata"},"content":{"rendered":"<p style=\"text-align: justify;\"><img loading=\"lazy\" class=\"alignnone wp-image-425\" src=\"http:\/\/www.isko-france.asso.fr\/colloque2017\/wp-content\/uploads\/2017\/05\/B_Sosinska_Kalata-212x300.jpeg\" alt=\"\" width=\"126\" height=\"178\" srcset=\"http:\/\/www.isko-france.asso.fr\/colloque2017\/wp-content\/uploads\/2017\/05\/B_Sosinska_Kalata-212x300.jpeg 212w, http:\/\/www.isko-france.asso.fr\/colloque2017\/wp-content\/uploads\/2017\/05\/B_Sosinska_Kalata-768x1086.jpeg 768w, http:\/\/www.isko-france.asso.fr\/colloque2017\/wp-content\/uploads\/2017\/05\/B_Sosinska_Kalata-724x1024.jpeg 724w, http:\/\/www.isko-france.asso.fr\/colloque2017\/wp-content\/uploads\/2017\/05\/B_Sosinska_Kalata.jpeg 936w\" sizes=\"(max-width: 126px) 100vw, 126px\" \/><\/p>\n<h5 style=\"text-align: justify;\">The impact of the works of Paul Otlet and SuZanne Briet on the development of the epistemology of documentation and information sciences in Poland<\/h5>\n<p style=\"text-align: justify;\"><strong>Abstract<\/strong><\/p>\n<p style=\"text-align: justify;\">The paper investigates the influence of Francophone pioneers of documentation and information science\u00a0 on the development of the epistemological foundations of this discipline in Poland. It focuses primarily on the reception of the ideas and works of Paul Otlet and Suzanne Briet &#8211; two figures who played a fundamental role in shaping the European concept of documentation and information science. There are presented results of the analysis of the publications of the most important Polish researchers in bibliography, documentation and information science (i. e. works of Stefan Vrtel-Wierczy\u0144ski, Jan Muszkowski, Adam \u0141ysakowski and Maria Dembowska) as well as an overview of contents of the most important Polish journals in documentation and information science: \u00ab\u00a0APID \u2013 Current Problems of Information and Documentation\u00a0\u00bb, \u00ab\u00a0PTINT &#8211; Practice and Theory of Scientific and Technical Information\u00a0\u00bb, \u00ab\u00a0Library Review\u00a0\u00bb, \u00ab\u00a0Library Yearbooks\u00a0\u00bb and \u00a0\u201cIssues in Information Science \u00a0&#8211; Information Studies \u00ab\u00a0. The results of these analyzes confirm a great interest in Poland, first of all in the ideas of Paul Otlet, whose publications were commented and quoted by the most influential Polish researchers (Muszkowski, Lysakowski) already in the interwar period. Also, after the war, Otlet&rsquo;s ideas were returned in works on modern bibliography and its subject matter (Vrtel-Wierczy\u0144ski) and in the works on the establishment of epistemological concepts of information and documentation science and \u00a0the theoretical foundations of organized information services (Dembowska, Muszkowski, Majewski). In the literature the links were stressed between Otlet\u2019s <em>documentologie<\/em> as a science of broadly understood books and <em>bibliologie<\/em> (Polish: <em>bibliologia<\/em>), which was treated in Poland as a discipline which includes comprehensive studies of the phenomenon of the book in various forms and its social functioning (Krzysztof Migo\u0144). Unlike the clearly visible influence of Otlet&rsquo;s work on the development of documentation and information science in Poland, the reception of Suzanne Briet&rsquo;s works is rather small. One of Briet&rsquo;s most important ideas of integrating the activities of various institutions and professional communities dealing with the documentation and dissemination of human knowledge, which is fundamental for contemporary GLAM movement, has not found wider interest in Poland until today. The paper outlines the likely causes of this state and attempts to estimate the chances of changing it in the context of digitization of cultural heritage and information services.<\/p>\n<p style=\"text-align: justify;\"><strong>Biography<\/strong><\/p>\n<p style=\"text-align: justify;\">Professor \u00a0Barbara Sosi\u0144ska-Kalata is full professor in Humanities (Ph.D. in Linguistics, Dr. Sc. \u2013 habilitation in Information Science) at the University of Warsaw, Faculty of Journalism, Book and Information Studies.\u00a0 Since 2016 she has been the Head of the Department of Information Studies at this Faculty, formerly in the years 2004-2016 she was the Head of Information Systems Section at the Institute of Information and Book Studies of the University of Warsaw.<\/p>\n<p style=\"text-align: justify;\">Research interests of Prof. Sosinska-Kalata are focused on knowledge organization and information systems design, as well as on theoretical, methodological and ethical\u00a0 problems of\u00a0 information science and knowledge management. She is the author of 12 books and over 100 research papers. The most important publications: <em>Models of knowledge organization in documentary information systems <\/em>(Modele organizacji wiedzy w systemach informacji o dokumentach, 1999), <em>Classification. Organizational structures in knowledge, literature, and information <\/em>(Klasyfikacja. Struktury organizacji wiedzy, pi\u015bmiennictwa I informacji, 2002), <em>Thesauri in the changing environment of information retrieval <\/em>(Tezaurusy w zmieniaj\u0105cym si\u0119 \u015brodowisku wyszukiwania informacji, 2006), <em>Criteria for evaluation of document ordering systems <\/em>(Kryteria oceny stosowane wobec system\u00f3w porz\u0105dkowania dokument\u00f3w, 2007),\u00a0 <em>Legacy of Paul Otlet and modern information science <\/em>(Dziedzictwo Paula Otleta i wsp\u00f3\u0142czesna nauka o informacji, 2010), <em>L\u2019efficacit\u00e9 des syst\u00e8mes d\u2019organisation des connaissances: un point de vue praxiologique<\/em> (2012),\u00a0 <em>Evolution of knowledge organization research paradigm <\/em>(Ewolucja paradygmatu bada\u0144 organizacji wiedzy, 2013), <em>Research Domains in Contemporary Information Science<\/em> [Obszary bada\u0144 wsp\u00f3\u0142czesnej informatologii (nauki o informacji, 2013); <em>Semantization and standardization \u2013 cooperative or conflicting trends in knowledge organization?<\/em> (2014). For long time she has also been involved in research in the area of academic education in Information and Library Science as well as in professional education of librarians and information specialists.<\/p>\n<p style=\"text-align: justify;\">Since 2013 Prof. Sosi\u0144ska-Kalata is the editor-in-chief of the journal <em>Issues in Information Science \u2013 Information Studies<\/em> (<em>Zagadnienia Informacji Naukowej \u2013 Studia Informacyjne<\/em>), the most important scholary journal i information science in Poland.\u00a0 Previously, in the period 2005-2013 she was the editor-in-chief of another Polish scholary journal \u2013 Library Review (<em>Przegl\u0105d Biblioteczny<\/em>). She has edited also 14 books, among them eight volumes of the \u201cMiscellanea Informatologica Varsoviensia\u201d.<\/p>\n","protected":false},"excerpt":{"rendered":"<p>The impact of the works of Paul Otlet and SuZanne Briet on the development of the epistemology of documentation and information sciences in Poland Abstract The paper investigates the influence of Francophone pioneers of documentation and information science\u00a0 on the development of the epistemological foundations of this discipline in Poland. It focuses primarily on the &hellip; <a href=\"http:\/\/www.isko-france.asso.fr\/colloque2017\/en\/barbara-sosinska-kalata\/\" class=\"more-link\">Continuer la lecture de <span class=\"screen-reader-text\">Barbara Sosinska-Kalata<\/span><\/a><\/p>\n","protected":false},"author":1,"featured_media":0,"parent":0,"menu_order":0,"comment_status":"closed","ping_status":"closed","template":"","meta":{"ngg_post_thumbnail":0},"_links":{"self":[{"href":"http:\/\/www.isko-france.asso.fr\/colloque2017\/wp-json\/wp\/v2\/pages\/407"}],"collection":[{"href":"http:\/\/www.isko-france.asso.fr\/colloque2017\/wp-json\/wp\/v2\/pages"}],"about":[{"href":"http:\/\/www.isko-france.asso.fr\/colloque2017\/wp-json\/wp\/v2\/types\/page"}],"author":[{"embeddable":true,"href":"http:\/\/www.isko-france.asso.fr\/colloque2017\/wp-json\/wp\/v2\/users\/1"}],"replies":[{"embeddable":true,"href":"http:\/\/www.isko-france.asso.fr\/colloque2017\/wp-json\/wp\/v2\/comments?post=407"}],"version-history":[{"count":4,"href":"http:\/\/www.isko-france.asso.fr\/colloque2017\/wp-json\/wp\/v2\/pages\/407\/revisions"}],"predecessor-version":[{"id":450,"href":"http:\/\/www.isko-france.asso.fr\/colloque2017\/wp-json\/wp\/v2\/pages\/407\/revisions\/450"}],"wp:attachment":[{"href":"http:\/\/www.isko-france.asso.fr\/colloque2017\/wp-json\/wp\/v2\/media?parent=407"}],"curies":[{"name":"wp","href":"https:\/\/api.w.org\/{rel}","templated":true}]}}