{"id":502,"date":"2017-06-18T17:12:12","date_gmt":"2017-06-18T15:12:12","guid":{"rendered":"http:\/\/www.isko-france.asso.fr\/colloque2017\/?page_id=502"},"modified":"2017-06-27T14:33:28","modified_gmt":"2017-06-27T12:33:28","slug":"paper-28","status":"publish","type":"page","link":"http:\/\/www.isko-france.asso.fr\/colloque2017\/en\/paper-28\/","title":{"rendered":"Paper #28"},"content":{"rendered":"<h5 style=\"text-align: justify;\">De la modernit\u00e9 d\u2019Eug\u00e8ne Morel, figure marquante de la documentation, pionnier de la modernisation des biblioth\u00e8ques<\/h5>\n<p style=\"text-align: justify;\">Maury Yolande<\/p>\n<p style=\"text-align: justify;\">Laboratoire GERiiCO, Lille 3, &lt;<a href=\"mailto:Yolande.maury@univ-lille3.fr\">yolande.maury@univ-lille3.fr&gt;<\/a><\/p>\n<p style=\"text-align: justify;\"><strong>R\u00e9sum\u00e9<\/strong><\/p>\n<p style=\"text-align: justify;\">Parmi les pionniers francophones, reconnus pour leur contribution \u00e0 la biblioth\u00e9conomie, et leur influence sur l&rsquo;\u00e9volution des biblioth\u00e8ques, Eug\u00e8ne Morel occupe une place de choix. Ses travaux et ses r\u00e9flexions, moins connus que ceux de grands noms comme Suzanne Briet ou Paul Otlet apparaissent d\u2019une grande modernit\u00e9 aujourd\u2019hui, dans le contexte actuel d\u2019\u00e9volution des biblioth\u00e8ques. Passeur entre deux mondes, inspir\u00e9 par le mod\u00e8le anglo-saxon de la \u00ab librairie publique \u00bb, il est aussi un passeur entre deux \u00e9poques, selon l\u2019id\u00e9e mise en avant par Georgette et Eric de Grolier dans l\u2019hommage qu\u2019ils lui rendent en1934, au moment de son d\u00e9c\u00e8s. Situant son h\u00e9ritage intellectuel sur l\u2019\u00e9chelle du temps, ils distinguent deux p\u00e9riodes : celle d\u2019avant Morel o\u00f9 les int\u00e9r\u00eats des sciences non historiques sont sacrifi\u00e9s, et, plus encore, ceux du grand public ; et celle d\u2019apr\u00e8s, o\u00f9 un mouvement voit le jour en faveur de la biblioth\u00e8que publique et de la documentation. A travers cette contribution, c\u2019est la pens\u00e9e pionni\u00e8re d\u2019Eug\u00e8ne Morel qui est interrog\u00e9e. Que nous dit une lecture de ses \u0153uvres, au-del\u00e0 des critiques port\u00e9es sur son \u00e9poque, des id\u00e9es novatrices qu\u2019il promeut, tir\u00e9es de ses voyages ? Quels sont ses apports au monde de l\u2019information-documentation ? Quelle est la r\u00e9sonance de ses apports aujourd\u2019hui, alors que le monde des biblioth\u00e8ques conna\u00eet de profonds bouleversements qui bousculent les mod\u00e8les traditionnels\u00a0? Apr\u00e8s avoir situ\u00e9 les travaux d\u2019Eug\u00e8ne Morel dans leur \u00e9poque pour mieux en comprendre la port\u00e9e, nous \u00e9tudierons quels sont les ressorts qui fondent leur modernit\u00e9 aujourd\u2019hui\u00a0: sa vision anticipatrice de l\u2019\u00e9volution des biblioth\u00e8ques (aujourd\u2019hui biblioth\u00e8ques troisi\u00e8me lieu ou learning centres) et le caract\u00e8re fondateur de sa pens\u00e9e biblioth\u00e9conomique (du livre au document, vers l\u2019information\u00a0; nouveaux syst\u00e8mes de diffusion de l\u2019information).<\/p>\n<h5 style=\"text-align: justify;\"><strong>About the modernity of Eugene Morel &#8211; a leading figure in documentation, a pioneer in the modernization of libraries<\/strong><\/h5>\n<p style=\"text-align: justify;\">Yolande Maury (Laboratoire GERiiCO, Lille 3, France)<\/p>\n<p style=\"text-align: justify;\"><strong>Abstract<\/strong><\/p>\n<p style=\"text-align: justify;\">Eug\u00e8ne Morel occupies a key position among the Francophone pioneers, recognized for their contribution to librarianship and their influence on the evolution of libraries. His works and his reflection, less known than those of the leading figures of documentation such as Suzanne Briet or Paul Otlet, are of a great modernity today, in the current context of changes in libraries. The intermediary between two worlds, inspired by the Anglo-Saxon model of the \u00ab\u00a0public library\u00a0\u00bb, Morel was also a go-between bridging two eras, as Georgette and Eric de Grolier&rsquo;s stated in the tribute they paid to him, when he died in 1934. They distinguished two periods, situating Morel&rsquo;s intellectual heritage on the time scale: the one before Morel, when the interests of the non-historical sciences &#8211; and even more the interests of the general public &#8211; were sacrificed; and the period after Morel, when a movement for public library and documentation was born. In this paper, Eugene Morel&rsquo;s pioneering thought will be explored. Apart from many criticisms of his time, what does his works tell us about the innovative ideas he promoted, drawn from his travels? What is his contribution to the world of information-documentation? How is his contribution resonating today, while the world of libraries is experiencing deep changes that challenge the traditional models? To better understand this scope today, we first situate Eugene Morel&rsquo;s works in his time; and then we study the elements that prove their modernity: his forward-looking vision on the evolution of libraries (third-place libraries; learning centres) as well as the seminal character of his thinking about the library (from book to document, towards information, new system for disseminating and sharing information).<\/p>\n","protected":false},"excerpt":{"rendered":"<p>De la modernit\u00e9 d\u2019Eug\u00e8ne Morel, figure marquante de la documentation, pionnier de la modernisation des biblioth\u00e8ques Maury Yolande Laboratoire GERiiCO, Lille 3, &lt;yolande.maury@univ-lille3.fr&gt; R\u00e9sum\u00e9 Parmi les pionniers francophones, reconnus pour leur contribution \u00e0 la biblioth\u00e9conomie, et leur influence sur l&rsquo;\u00e9volution des biblioth\u00e8ques, Eug\u00e8ne Morel occupe une place de choix. Ses travaux et ses r\u00e9flexions, moins &hellip; <a href=\"http:\/\/www.isko-france.asso.fr\/colloque2017\/en\/paper-28\/\" class=\"more-link\">Continuer la lecture de <span class=\"screen-reader-text\">Paper #28<\/span><\/a><\/p>\n","protected":false},"author":1,"featured_media":0,"parent":0,"menu_order":0,"comment_status":"closed","ping_status":"closed","template":"","meta":{"ngg_post_thumbnail":0},"_links":{"self":[{"href":"http:\/\/www.isko-france.asso.fr\/colloque2017\/wp-json\/wp\/v2\/pages\/502"}],"collection":[{"href":"http:\/\/www.isko-france.asso.fr\/colloque2017\/wp-json\/wp\/v2\/pages"}],"about":[{"href":"http:\/\/www.isko-france.asso.fr\/colloque2017\/wp-json\/wp\/v2\/types\/page"}],"author":[{"embeddable":true,"href":"http:\/\/www.isko-france.asso.fr\/colloque2017\/wp-json\/wp\/v2\/users\/1"}],"replies":[{"embeddable":true,"href":"http:\/\/www.isko-france.asso.fr\/colloque2017\/wp-json\/wp\/v2\/comments?post=502"}],"version-history":[{"count":3,"href":"http:\/\/www.isko-france.asso.fr\/colloque2017\/wp-json\/wp\/v2\/pages\/502\/revisions"}],"predecessor-version":[{"id":545,"href":"http:\/\/www.isko-france.asso.fr\/colloque2017\/wp-json\/wp\/v2\/pages\/502\/revisions\/545"}],"wp:attachment":[{"href":"http:\/\/www.isko-france.asso.fr\/colloque2017\/wp-json\/wp\/v2\/media?parent=502"}],"curies":[{"name":"wp","href":"https:\/\/api.w.org\/{rel}","templated":true}]}}