{"id":521,"date":"2017-06-25T18:18:55","date_gmt":"2017-06-25T16:18:55","guid":{"rendered":"http:\/\/www.isko-france.asso.fr\/colloque2017\/?page_id=521"},"modified":"2017-06-25T18:18:55","modified_gmt":"2017-06-25T16:18:55","slug":"paper-3","status":"publish","type":"page","link":"http:\/\/www.isko-france.asso.fr\/colloque2017\/fr\/paper-3\/","title":{"rendered":"Paper #3"},"content":{"rendered":"<p style=\"text-align: justify;\"><strong>Penser la bibliographie : Paul Otlet et Louise-No\u00eblle Malcl\u00e8s, un h\u00e9ritage ?<\/strong><\/p>\n<p style=\"text-align: justify;\">Marianne Cailloux, &lt;marianne.cailloux@univ-reims.fr&gt;<br \/>\nMa\u00eetresse de conf\u00e9rences, Sciences de l\u2019Information &amp; Communication, CEREP \u2013 Centre d\u2019Etudes et de Recherches sur les Professionnalisations \u2013 Universit\u00e9 de Reims Champagne Ardenne<\/p>\n<p><strong>R\u00e9sum\u00e9<\/strong><\/p>\n<p style=\"text-align: justify;\">Comme l&rsquo;indiquent des travaux r\u00e9cents (Buckland), les fondements des sciences de l&rsquo;information et de l&rsquo;histoire de la documentation sont investis \u00e0 travers les grandes figures qui ont marqu\u00e9 l&rsquo;\u00e9laboration du monde professionnel des biblioth\u00e8ques.<\/p>\n<p style=\"text-align: justify;\">La vision de Paul Otlet a ainsi boulevers\u00e9 les enjeux de la pens\u00e9e bibliographique en Europe et des travaux r\u00e9cents ont revaloris\u00e9 et replac\u00e9 les apports d&rsquo;un tel personnage dans les pr\u00e9mices de l&rsquo;organisation des connaissances et de leur partage (Wright). Plusieurs chercheurs se sont, ces derni\u00e8res ann\u00e9es, pench\u00e9es sur les figures professionnelles f\u00e9minines, comme Suzanne Briet, qui ont contribu\u00e9 \u00e0 cette histoire, souvent \u00e0 travers le prisme du genre (Fayet Scribe, Maack). La place donn\u00e9e par Paul Otlet \u00e0 la bibliographie est sans pr\u00e9c\u00e9dent et fonde une approche bien particuli\u00e8re des m\u00e9tiers des biblioth\u00e8ques, qu&rsquo;il est int\u00e9ressant de mettre en tension avec les id\u00e9es appliqu\u00e9es par Louise-No\u00eblle Malcl\u00e8s dans la formation des biblioth\u00e9caires au cours des stages dispens\u00e9es par la biblioth\u00e8que de la Sorbonne.<\/p>\n<p style=\"text-align: justify;\">Nous proposons donc dans cette communication de probl\u00e9matiser les enjeux de la bibliographie dans l&rsquo;espace francophone entre les fondements \u00e9pist\u00e9mologiques de Paul Otlet et la pens\u00e9e pratique appliqu\u00e9e de Louise-No\u00eblle Malcl\u00e8s : dans une approche transdisciplinaire au croisement de l&rsquo;histoire de la documentation et des sciences de l&rsquo;information et de la communication, nous verrons la r\u00e9flexion de ces deux protagonistes et les effets modifiant la construction de leur vision respective de la bibliographie, modulant la formation de plusieurs g\u00e9n\u00e9rations de biblioth\u00e9caires entre les ann\u00e9es 1930 et 1960 mais aussi la constitution des institutions de formation professionnelle.<\/p>\n<p><strong>Mots-cl\u00e9s :<\/strong> histoire des SIC, formation professionnelle, bibliographie, biblioth\u00e8que<\/p>\n","protected":false},"excerpt":{"rendered":"<p>Penser la bibliographie : Paul Otlet et Louise-No\u00eblle Malcl\u00e8s, un h\u00e9ritage ? Marianne Cailloux, &lt;marianne.cailloux@univ-reims.fr&gt; Ma\u00eetresse de conf\u00e9rences, Sciences de l\u2019Information &amp; Communication, CEREP \u2013 Centre d\u2019Etudes et de Recherches sur les Professionnalisations \u2013 Universit\u00e9 de Reims Champagne Ardenne R\u00e9sum\u00e9 Comme l&rsquo;indiquent des travaux r\u00e9cents (Buckland), les fondements des sciences de l&rsquo;information et de l&rsquo;histoire &hellip; <a href=\"http:\/\/www.isko-france.asso.fr\/colloque2017\/fr\/paper-3\/\" class=\"more-link\">Continuer la lecture de <span class=\"screen-reader-text\">Paper #3<\/span><\/a><\/p>\n","protected":false},"author":1,"featured_media":0,"parent":0,"menu_order":0,"comment_status":"closed","ping_status":"closed","template":"","meta":{"ngg_post_thumbnail":0},"_links":{"self":[{"href":"http:\/\/www.isko-france.asso.fr\/colloque2017\/wp-json\/wp\/v2\/pages\/521"}],"collection":[{"href":"http:\/\/www.isko-france.asso.fr\/colloque2017\/wp-json\/wp\/v2\/pages"}],"about":[{"href":"http:\/\/www.isko-france.asso.fr\/colloque2017\/wp-json\/wp\/v2\/types\/page"}],"author":[{"embeddable":true,"href":"http:\/\/www.isko-france.asso.fr\/colloque2017\/wp-json\/wp\/v2\/users\/1"}],"replies":[{"embeddable":true,"href":"http:\/\/www.isko-france.asso.fr\/colloque2017\/wp-json\/wp\/v2\/comments?post=521"}],"version-history":[{"count":1,"href":"http:\/\/www.isko-france.asso.fr\/colloque2017\/wp-json\/wp\/v2\/pages\/521\/revisions"}],"predecessor-version":[{"id":522,"href":"http:\/\/www.isko-france.asso.fr\/colloque2017\/wp-json\/wp\/v2\/pages\/521\/revisions\/522"}],"wp:attachment":[{"href":"http:\/\/www.isko-france.asso.fr\/colloque2017\/wp-json\/wp\/v2\/media?parent=521"}],"curies":[{"name":"wp","href":"https:\/\/api.w.org\/{rel}","templated":true}]}}