{"id":148,"date":"2019-09-06T13:36:28","date_gmt":"2019-09-06T11:36:28","guid":{"rendered":"http:\/\/www.isko-france.asso.fr\/colloque2019\/?page_id=148"},"modified":"2019-10-05T10:33:59","modified_gmt":"2019-10-05T08:33:59","slug":"programme","status":"publish","type":"page","link":"http:\/\/www.isko-france.asso.fr\/colloque2019\/programme\/","title":{"rendered":"Programme"},"content":{"rendered":"<h1>Mercredi 9 octobre 2019<\/h1>\n<p><strong>13h30\u00a0: Accueil autour d\u2019un caf\u00e9<\/strong><\/p>\n<p><strong>13h50\u00a0: Discours d\u2019ouverture<\/strong><\/p>\n<table style=\"height: 5px;\" width=\"312\">\n<tbody>\n<tr>\n<td style=\"width: 148px;\">Jean-Michel GANTEAU<\/td>\n<td style=\"width: 148px;\">Vice-Pr\u00e9sident de la Recherche, Universit\u00e9 Paul-Val\u00e9ry, Montpellier 3<\/td>\n<\/tr>\n<tr>\n<td style=\"width: 148px;\">Widad MUSTAFA EL HADI<\/td>\n<td style=\"width: 148px;\">Pr\u00e9sidente ISKO France, \u00a0 \u00a0 \u00a0 \u00a0 \u00a0 Universit\u00e9 de Lille<\/td>\n<\/tr>\n<tr>\n<td style=\"width: 148px;\">C\u00e9line PAGANELLI<\/td>\n<td style=\"width: 148px;\">Responsable de l&rsquo;\u00e9quipe CERIC (LERASS),<br \/>\nUniversit\u00e9 Paul-Val\u00e9ry, Montpellier 3<\/td>\n<\/tr>\n<tr>\n<td style=\"width: 148px;\">Hans DILLAERTS<\/td>\n<td style=\"width: 148px;\">Comit\u00e9 Scientifique ISKO 2019,<br \/>\nUniversit\u00e9 Paul-Val\u00e9ry, Montpellier 3<\/td>\n<\/tr>\n<\/tbody>\n<\/table>\n<p><strong>14h15 : Conf\u00e9rence invit\u00e9e<\/strong><\/p>\n<p>Mod\u00e9rateur : Hans DILLAERTS<\/p>\n<p>Blanca RODRIGUEZ-BRAVO\u00a0 : Data sharing\/data withhold: the current dilemma<\/p>\n<h2>15h30\u00a0: Session 1 \u2013 Des mod\u00e8les et syst\u00e8mes d\u2019organisation\u00a0des connaissances \u00e0 renouveler\u00a0? Approches th\u00e9oriques, conceptuelles et critiques des donn\u00e9es massives<\/h2>\n<p>Mod\u00e9rateur : G\u00e9rard REGIMBEAU<\/p>\n<table style=\"height: 5px;\" width=\"312\">\n<tbody>\n<tr>\n<td style=\"width: 148px;\">Grant CAMPBELL, Alexandre FORTIER<\/td>\n<td style=\"width: 148px;\">M\u00e9gadonn\u00e9es et syst\u00e8mes d\u2019organisation des connaissances\u00a0 : de l\u2019antagonisme \u00e9pist\u00e9mologique \u00e0 l\u2019interaction productive<\/td>\n<\/tr>\n<\/tbody>\n<\/table>\n<p><strong>16h30 : Pause<\/strong><\/p>\n<table style=\"height: 5px;\" width=\"312\">\n<tbody>\n<tr>\n<td style=\"width: 148px;\">Viviane CLAVIER<\/td>\n<td style=\"width: 148px;\">Organisation des connaissances, donn\u00e9es et algorithmes : place aux visualisations<\/td>\n<\/tr>\n<tr>\n<td style=\"width: 148px;\">\n<p class=\"western\">Arthur PERRET, Olivier LE DEUFF<\/p>\n<\/td>\n<td style=\"width: 148px;\">Documentarit\u00e9 et donn\u00e9es, instrumentation d\u2019un concept<\/td>\n<\/tr>\n<\/tbody>\n<\/table>\n<p><b>18h : Ap\u00e9ritif dans le patio<br \/>\n<\/b><\/p>\n<h1>Jeudi 10 octobre 2019<\/h1>\n<p><strong>9h15\u00a0: Accueil autour d\u2019un caf\u00e9<\/strong><\/p>\n<h2>9h30\u00a0: Session 2 \u2013 Des mod\u00e8les et syst\u00e8mes d\u2019organisation\u00a0des connaissances \u00e0 renouveler\u00a0? Approches th\u00e9oriques, conceptuelles et critiques des donn\u00e9es massives<\/h2>\n<p>Mod\u00e9ratrice : Lise VERLAET<\/p>\n<table style=\"height: 5px;\" width=\"312\">\n<tbody>\n<tr>\n<td style=\"width: 148px;\">Am\u00e9lie DALOZ<\/td>\n<td style=\"width: 148px;\">Transformation de lexical soft data en smart data pour la construction d\u2019un th\u00e9saurus du patrimoine minier<\/td>\n<\/tr>\n<tr>\n<td style=\"width: 148px;\">Angelica ALVES DA CUNHA MARQUES<\/td>\n<td style=\"width: 148px;\">Les documents d\u2019archives face \u00e0 la production massive d&rsquo;informations et aux d\u00e9fis de la gestion des connaissances<\/td>\n<\/tr>\n<tr>\n<td style=\"width: 148px;\">Edwige PIEROT<\/td>\n<td style=\"width: 148px;\">Communaut\u00e9s \u00e9pist\u00e9miques \u00e0 l\u2019heure du Linked Open Data\u00a0: cultures de l\u2019information citoyennes dans la Soci\u00e9t\u00e9 de l\u2019Information et de la Connaissance<\/td>\n<\/tr>\n<\/tbody>\n<\/table>\n<p><strong>11h30\u00a0: Conf\u00e9rence invit\u00e9e<\/strong><\/p>\n<p>Mod\u00e9ratrice : C\u00e9line PAGANELLI<\/p>\n<p style=\"text-align: justify;\">Fran\u00e7oise PAQUIEN-SEGUY : De l\u2019opendata \u00e0 l\u2019information, vers de nouvelles pratiques professionnelles ?<\/p>\n<p><strong>12h45 : Repas<\/strong><\/p>\n<h2>14h30\u00a0: Session 3 \u2013 Usages et gestion des donn\u00e9es massives\u00a0: enjeux sociaux, politiques et cadre juridique<\/h2>\n<p>Mod\u00e9ratrice : Emmannuelle CHEVRY-PEBAYLE<\/p>\n<table style=\"height: 5px;\" width=\"312\">\n<tbody>\n<tr>\n<td style=\"width: 148px;\">Fabrice PAPY<\/td>\n<td style=\"width: 148px;\">Dispositifs infodocumentaires pour la Soci\u00e9t\u00e9 de l\u2019Information\u00a0: vers un renouveau anthropocentr\u00e9\u00a0?<\/td>\n<\/tr>\n<tr>\n<td style=\"width: 148px;\">Radia BERNAOUI, Peter OHLY, Dagobert SOERGEL<\/td>\n<td style=\"width: 148px;\">Knowledge organization in the AgriFood sector in Algeria. Sharing information and communication through social media networks<\/td>\n<\/tr>\n<\/tbody>\n<\/table>\n<p><strong>16h00\u00a0: Pause<\/strong><\/p>\n<table style=\"height: 5px;\" width=\"312\">\n<tbody>\n<tr>\n<td style=\"width: 148px;\">Lucie LOUBERE, Fidelia IBEKWE-SANJUAN<\/td>\n<td style=\"width: 148px;\">Echoes des publications scientifiques en SHS sur les r\u00e9seaux sociaux. Le cas des contenus d\u2019Open \u00c9dition sur Twitter.<\/td>\n<\/tr>\n<tr>\n<td style=\"width: 148px;\">Violaine REBOUILLAT, Ghislaine CHARTRON<\/td>\n<td style=\"width: 148px;\">Services de gestion et de partage des donn\u00e9es de recherche : ce qu\u2019en pensent les chercheurs<\/td>\n<\/tr>\n<\/tbody>\n<\/table>\n<p><strong>17h30\u00a0: Assembl\u00e9e g\u00e9n\u00e9rale ISKO France<\/strong><\/p>\n<p><strong>20h\u00a0: Repas de gala<\/strong><\/p>\n<h1>Vendredi 11 octobre 2019<\/h1>\n<p><strong>9h15\u00a0: Accueil autour d\u2019un caf\u00e9<\/strong><\/p>\n<h2>9h30\u00a0: Session 4 \u2013 Les donn\u00e9es massives (ouvertes)\u00a0: m\u00e9thodes, m\u00e9thodologies et outils pour la production, traitement(s) et (re)m\u00e9diation(s) de nouvelles connaissances<\/h2>\n<p>Mod\u00e9ratrice : Widad Mustafa EL HADI<\/p>\n<table style=\"height: 5px;\" width=\"312\">\n<tbody>\n<tr>\n<td style=\"width: 148px;\">Joachim SCHOPFEL, Dominic FARACE, H\u00e9l\u00e8ne PROST, Antonella ZANE<\/td>\n<td style=\"width: 148px;\">Data Papers as a New Form of Knowledge Organization in the Field of Research Data<\/td>\n<\/tr>\n<tr>\n<td style=\"width: 148px;\">Marcin TRZMIELEWSKI, Claudio GNOLIi<\/td>\n<td style=\"width: 148px;\">Une classification interdisciplinaire pour \u00e9change et m\u00e9diation des donn\u00e9es de la recherche<\/td>\n<\/tr>\n<tr>\n<td style=\"width: 148px;\">G\u00e9rald KEMBELLEC<\/td>\n<td style=\"width: 148px;\">Produire, analyser et partager des donn\u00e9es ouvertes en Humanit\u00e9s Num\u00e9riques : quelques bonnes pratiques<\/td>\n<\/tr>\n<\/tbody>\n<\/table>\n<p><strong>11h\u00a0: Pause<\/strong><\/p>\n<table style=\"height: 5px;\" width=\"312\">\n<tbody>\n<tr>\n<td style=\"width: 148px;\">Aminata KANE<\/td>\n<td style=\"width: 148px;\">Diffusion et vulgarisation des donn\u00e9es historiques en Afrique et en Europe :\u00a0droit au savoir, enjeux\u00a0info-communicationnels\u00a0et perceptions \u00e9motionnelles sur le Web<\/td>\n<\/tr>\n<tr>\n<td style=\"width: 148px;\">Pascal CUXAC, Alain COLLIGNON,\u00a0 St\u00e9phanie GREGORIO, Fran\u00e7ois PARMENTIER<\/td>\n<td style=\"width: 148px;\">Des bases de donn\u00e9es massives au Web de donn\u00e9es\u00a0: d\u00e9sambigu\u00efsation et alignement d&rsquo;entit\u00e9s g\u00e9ographiques dans les textes scientifiques<\/td>\n<\/tr>\n<\/tbody>\n<\/table>\n<p><span style=\"font-family: Times New Roman, serif;\"><span style=\"font-family: Helvetica, serif;\"><b>13h : Cl\u00f4ture<br \/>\n<\/b><\/span><\/span><\/p>\n<p><b>13h15 : Repas<\/b><\/p>\n","protected":false},"excerpt":{"rendered":"<p>Mercredi 9 octobre 2019 13h30\u00a0: Accueil autour d\u2019un caf\u00e9 13h50\u00a0: Discours d\u2019ouverture Jean-Michel GANTEAU Vice-Pr\u00e9sident de la Recherche, Universit\u00e9 Paul-Val\u00e9ry, Montpellier 3 Widad MUSTAFA EL HADI Pr\u00e9sidente ISKO France, \u00a0 \u00a0 \u00a0 \u00a0 \u00a0 Universit\u00e9 de Lille C\u00e9line PAGANELLI Responsable de l&rsquo;\u00e9quipe CERIC (LERASS), Universit\u00e9 Paul-Val\u00e9ry, Montpellier 3 Hans DILLAERTS Comit\u00e9 Scientifique ISKO 2019, Universit\u00e9 &hellip; <a href=\"http:\/\/www.isko-france.asso.fr\/colloque2019\/programme\/\" class=\"more-link\">Continuer la lecture de <span class=\"screen-reader-text\">Programme<\/span><\/a><\/p>\n","protected":false},"author":1,"featured_media":0,"parent":0,"menu_order":0,"comment_status":"closed","ping_status":"closed","template":"","meta":{"footnotes":""},"class_list":["post-148","page","type-page","status-publish","hentry"],"_links":{"self":[{"href":"http:\/\/www.isko-france.asso.fr\/colloque2019\/wp-json\/wp\/v2\/pages\/148","targetHints":{"allow":["GET"]}}],"collection":[{"href":"http:\/\/www.isko-france.asso.fr\/colloque2019\/wp-json\/wp\/v2\/pages"}],"about":[{"href":"http:\/\/www.isko-france.asso.fr\/colloque2019\/wp-json\/wp\/v2\/types\/page"}],"author":[{"embeddable":true,"href":"http:\/\/www.isko-france.asso.fr\/colloque2019\/wp-json\/wp\/v2\/users\/1"}],"replies":[{"embeddable":true,"href":"http:\/\/www.isko-france.asso.fr\/colloque2019\/wp-json\/wp\/v2\/comments?post=148"}],"version-history":[{"count":15,"href":"http:\/\/www.isko-france.asso.fr\/colloque2019\/wp-json\/wp\/v2\/pages\/148\/revisions"}],"predecessor-version":[{"id":175,"href":"http:\/\/www.isko-france.asso.fr\/colloque2019\/wp-json\/wp\/v2\/pages\/148\/revisions\/175"}],"wp:attachment":[{"href":"http:\/\/www.isko-france.asso.fr\/colloque2019\/wp-json\/wp\/v2\/media?parent=148"}],"curies":[{"name":"wp","href":"https:\/\/api.w.org\/{rel}","templated":true}]}}